t k = w - -30. What is the units digit of k?
4
Let u(n) = -3*n - 19. Let l be u(-8). Suppose -i + 1 = r - 4, 3*r + l*i - 23 = 0. What is the tens digit of -3*r/9*-138?
4
Suppose f = 3*f - 4. Let t be (184/4)/(f + -3). Let z = -20 - t. What is the tens digit of z?
2
Let h = -24 + 156. Suppose -n + h = 4*k - 0*n, -5*k + 2*n + 178 = 0. What is the units digit of k?
4
Let r = 1182 + -434. What is the units digit of r?
8
Let w(v) = -11*v**3 - 2*v**2 + v - 2. Let r be w(-2). Let k = -21 + r. What is the tens digit of k?
5
Suppose -2*s + 0*s = -4. Suppose -4*i + s = -14. Suppose i = q - 0, 4*u - 164 = -3*q. What is the units digit of u?
8
Suppose -3*y + 20 - 11 = 0. Suppose 5*i - 136 = -4*w, y*w + w - 3*i - 136 = 0. What is the tens digit of w?
3
Let a(z) = -2*z**3 - 13*z**2 - 15*z - 19. What is the hundreds digit of a(-13)?
3
Let r(w) = -w**3 - 15*w**2 - 12*w - 17. Let f be r(-14). Let o = 10 - f. What is the units digit of o?
5
What is the tens digit of 38/(623/154 - 4)?
3
Let g(k) = -k + 4*k - 9 - 11*k. What is the tens digit of g(-9)?
6
Let r = 33 - 53. What is the tens digit of -24*(-7)/((-42)/r)?
8
Let x = 94 - -91. What is the hundreds digit of x?
1
Let a(h) = -h + 1. Let t be a(3). Let o be 4/(-12)*t*6. Suppose -z + 8 = 3*d, o*z + 0*d - 76 = -d. What is the tens digit of z?
2
Let z(u) = -57*u - 7. Let m be z(-6). Suppose -25 = -3*h + m. Suppose 5*r = -0*r + h. What is the tens digit of r?
2
Let j = -2193 - -4290. What is the thousands digit of j?
2
Suppose 0 = k - 3*t - 4060, 0 = 2*k - 5*t + t - 8128. What is the tens digit of k?
7
Let a(g) be the first derivative of -g**3/3 + 13*g**2/2 - 6*g - 18. What is the tens digit of a(7)?
3
What is the hundreds digit of (-4)/(-36)*-2 - (-7031)/9?
7
Let y = 9120 + -4439. What is the tens digit of y?
8
Let m = -6 - -11. Let f be m/(-20) - 3/(-12). Suppose 2*p - r + f*r - 75 = 0, 5*p - 185 = 5*r. What is the units digit of p?
8
Let z = 2317 - 1117. What is the tens digit of z?
0
Suppose -20561 - 10940 = -17*q. What is the tens digit of q?
5
Let g = 31 + -37. What is the tens digit of (3/g)/((-1)/22)?
1
Let i be -1 - 1 - 42/(24/(-4)). Suppose 4*v - i*t = 174 + 71, -4*v + 4*t + 244 = 0. What is the tens digit of v?
6
Let z = 61 - 54. Let n(g) = 4*g - 6. Let a be n(4). Let l = z + a. What is the tens digit of l?
1
Let a be (6/(-9))/(10/(-75)). Suppose a = -i - 9. Let h = i - -25. What is the tens digit of h?
1
Let b be -14 - 0*(-1 - 0). Let f be (4/b)/(7/(-49)). Suppose -12 = -5*a - 2, 5*a = -f*j + 14. What is the units digit of j?
2
Suppose 2*t + 0*t - 36 = -3*w, 0 = -3*t - 5*w + 56. Let j(o) = 6*o - 27. What is the units digit of j(t)?
5
Suppose 0 = -4*w - f + 11, 3*w - 5*f - 10 = -4*f. Suppose -3*h = y - w*y + 243, 1 = h. What is the tens digit of y?
2
Suppose -3*k + v = -v - 135, 2*k = 4*v + 90. Suppose 5*a = 5*c + k, 5*c = -2*a + 3*a - 9. What is the units digit of a/2 + (-4)/8?
4
Suppose 8*f = -173 - 3. What is the tens digit of f*6/(-4)*224/42?
7
Suppose 4*d - 24 = -52. Let z(f) = f**3 + 9*f**2 + 5*f + 4. What is the units digit of z(d)?
7
Let a(h) = 6*h**2 + h + 1. Let d(u) = 12*u**2 + 2*u + 3. Let q(z) = -5*a(z) + 3*d(z). Let f(t) be the first derivative of q(t). What is the units digit of f(1)?
3
Let w = 163 + -413. Let b be (w/15)/(2/3). Let v = 26 + b. What is the units digit of v?
1
Let u = 1016 - 556. What is the tens digit of u?
6
Let y = 727 + -129. What is the hundreds digit of y?
5
Suppose 6*q - 1510 = 2006. What is the tens digit of q?
8
Let o = 1298 - 205. What is the tens digit of o?
9
Let h(g) be the second derivative of -g**5/20 - 29*g**4/12 - 31*g**3/3 - 37*g**2/2 - 21*g. What is the tens digit of h(-27)?
7
What is the units digit of (-1)/(6/(-583 - 5))?
8
Suppose 0 = 2*x - 38 - 698. Suppose -t = -3*t + x. What is the units digit of (t/(-12))/((-6)/9)?
3
Let t(r) = 587*r - 233. What is the tens digit of t(4)?
1
Let g = 3132 + -4538. What is the units digit of g/(-8) - ((-76)/(-16) + -4)?
5
Suppose 0 = -11*q + 9*q + 1750. What is the units digit of q?
5
Suppose 2*o + 296 = 4*u, 0 = 3*o - 2*o. Suppose 5*b - 3*k - u = 0, 3*b - 54 = k - 4*k. What is the tens digit of b?
1
Suppose -2*z = 5*k - 27495, 2*k - 10979 = -z + 4*z. Suppose -11*w - k = -34*w. What is the units digit of w?
9
Let y be (44/(-7))/(2/(-7)). Let r(c) = 8*c - 27. What is the hundreds digit of r(y)?
1
Let f(i) = i**3 + 8*i**2 + 9*i + 14. Let v be f(-6). Suppose v*x = 29*x + 171. What is the units digit of x?
7
Let h(v) = 2*v**2 + 25*v + 138. What is the units digit of h(-20)?
8
Let c(g) = 2*g**3 - 2*g**2 - 3*g - 12. Let j be c(5). Let p = j + -10. What is the units digit of p?
3
Let w(i) = -64*i - 4. Let t be w(-1). Suppose -t = -2*b + 108. What is the units digit of b?
4
Suppose 13*v - 45 = 10*v. Suppose -4*p = -5*p + 3*i + 30, 0 = 5*i - v. What is the units digit of p?
9
Let b = 72 + 261. What is the units digit of b?
3
Let a = -980 - -1521. What is the hundreds digit of a?
5
Let a(v) = -35*v**2 - 2*v. Let l be a(-3). Let x = l + 479. What is the tens digit of x?
7
Let q(x) = 109*x - 24. What is the tens digit of q(5)?
2
Let i = 1268 + -762. What is the units digit of i?
6
Suppose 0 = 17*r - 5*r + 2412. Let q = r - -334. What is the units digit of q?
3
Suppose -z + o = -19, -5*z + 3*o + 95 = -0*o. Suppose -2*g + 0*g = -4*f - 30, 0 = -5*g - 5*f. What is the tens digit of (-5)/g*(-1 - z)?
2
Suppose 0 = -q + 12 + 926. Suppose q = 9*x - 376. What is the units digit of x?
6
Let z = -482 + 326. Let j = -6 - z. What is the units digit of j?
0
Let k = -339 - -839. What is the units digit of k?
0
Let b(u) = 2019*u**3 - u**2 - 7*u + 9. What is the tens digit of b(1)?
2
Let q(t) = -t**3 - 11*t**2 + 24*t + 42. What is the units digit of q(-15)?
2
Let h(k) = 1155*k - 66. What is the tens digit of h(1)?
8
Suppose 3*z + 5*a = 1891, 0*a = -z - 2*a + 632. What is the hundreds digit of z?
6
Let w be (-187)/(-3) - (-6)/9. Suppose 2*u = -u + w. Let p = u - -8. What is the tens digit of p?
2
Let t(l) = 2*l**2 - 6*l + 8. Let v(k) = -k**2 + 5*k - 7. Let c(g) = 3*t(g) + 4*v(g). What is the tens digit of c(5)?
5
Suppose 288 = -0*o + 4*o. Let t = -66 + o. What is the units digit of t?
6
Let s(o) = -o**3 - 18*o**2 - 14*o - 20. What is the tens digit of s(-19)?
0
Let y be 3*(-2)/(-3) - 3. Let g = 28 + y. Let k = g - 18. What is the units digit of k?
9
Let c = -43 - -94. What is the tens digit of (-1 - 0)/((-1)/c)?
5
Let w(k) = k**3 + 4*k**2 + 2*k + 1. Let m be w(-3). Suppose 5*p = m*p + 5*u + 181, -5*p + 2*u = -813. What is the hundreds digit of p?
1
Let u be ((-33)/9 + 4)*6. Suppose -4*v - u*w - 52 = -838, 0 = -v + 3*w + 193. What is the tens digit of v?
9
Let i be 11 - (2 - (-3 - -2)). Suppose x - i = -x. Suppose m = 6*m - 4*n - 226, -x*n = 3*m - 110. What is the units digit of m?
2
Suppose 3*q - 2*q + 3*p + 74 = 0, 0 = 3*q - 2*p + 189. Let i = q + 173. Suppose -3*s = -6*s + i. What is the units digit of s?
6
Let l(d) = 21*d - 5. Let a(i) = 10*i - 3. Suppose 2*z + 0*z = -10. Let h(t) = z*a(t) + 2*l(t). What is the units digit of h(-5)?
5
Let m(t) = 4*t**3 + 13*t**2 - 58*t + 6. What is the tens digit of m(5)?
4
Let b be (-20)/(-8)*(-8)/(-10). Suppose 3*f - 44 = -b. Let o(m) = m**3 - 14*m**2 + 3*m - 4. What is the tens digit of o(f)?
3
Let u = -8 - -12. Suppose 2*m + 3*v - 273 = 0, -2*m = -3*v + u*v - 271. What is the units digit of 0/(-1) - m/(-5)?
7
Suppose -5*f + 4*s = 35, -2*f = 4*s - 5 - 9. Let d be ((-6)/f - 2)/3. Suppose d = w - 2 - 11. What is the units digit of w?
3
Suppose 0*u - 2*u + 2*h + 14 = 0, 3*u = 5*h + 23. Let s(d) = 8*d + 5. Let k be s(4). Let n = k - u. What is the tens digit of n?
3
Suppose -3*y + 1965 = 5*j, j - 3*j + 1314 = 2*y. What is the tens digit of y?
6
What is the units digit of -2 + (-4389)/(-9) + 12/(-18)?
5
Let v(j) = -1. Let u(m) = -m**2 - 12*m + 12. Let k(p) = u(p) + 3*v(p). Let g be k(-12). What is the units digit of ((-3)/(g/48))/(-1)?
6
Suppose 0 = z - 6 + 1. Suppose -z*v + 5 = 0, -3*v - 154 = -2*j + v. What is the units digit of j?
9
Suppose 7*n - 5*p = 4*n - 27, -3*n = 3*p + 3. Let d be (8/n)/((-6)/27). Suppose -d + 33 = 3*z. What is the units digit of z?
8
Suppose 6361 = 2*r + 2*o - 869, 2*o - 3614 = -r. What is the hundreds digit of r?
6
Let n be -32*(-3 + (-18)/(-8)). Let d be (-6)/(-15) - n/(-15). S